e prime factors of v(-1)?
3, 7
Let j = -36 + 35. List the prime factors of 42/(0/1 - j).
2, 3, 7
Suppose -7*r = -6*r - 499. Let b = -340 + r. What are the prime factors of b?
3, 53
Suppose -4*l + 4*n - 44 = 0, 0 = 5*l + 2*n + 46 - 12. Let u = l + 10. What are the prime factors of u?
2
Suppose 8*n - 3278 - 3258 = 0. List the prime factors of n.
19, 43
Suppose -5*k = -0*k - 4*u - 86, 34 = 3*k + 2*u. List the prime factors of (k - 13)*(18 - 0).
2, 3
Let g(h) = -23*h**3 - 4*h**2 + 6. List the prime factors of g(-3).
3, 197
Suppose -2*c - 9 - 1 = 2*j, -c = 4*j + 5. Let y be c - -1 - -4 - -2. What are the prime factors of (y - -7)/((-5)/(-5))?
3
Let r = 1638 + -868. Suppose 0 = -2*x + 2*a - r, -2*x - a + 0*a = 755. What are the prime factors of ((-1)/(-2))/((-10)/x)?
19
Suppose 5 + 5 = -2*u, -5*b - 2*u - 1070 = 0. Let h = 322 + b. Suppose 3*o - 22 = -z, -4*z - z + 4*o = -h. List the prime factors of z.
2, 11
Let x(v) = v - 10. Let a be x(14). Suppose 0 = -o + 4*i + 39, 212 = 5*o - a*i + i. List the prime factors of o.
43
Suppose 0 = -2*w - 2 + 4. Let y = 4 + w. Suppose 5*a = 2*a - y*x + 7, 4*x + 16 = 0. What are the prime factors of a?
3
Suppose 0 = 14*a - 19*a + 15. Suppose 0 = -5*t + 4*t + 5, 0 = a*o + t - 794. List the prime factors of o.
263
Suppose -3141 = -3*a - 2*n + 2254, 0 = 4*a - 4*n - 7220. List the prime factors of a.
1801
Let h(z) = -2*z**2 - 15*z + 10. Let o be h(-8). List the prime factors of (-262)/(-4)*o + -4.
127
Let z(v) = v**3 + 6*v**2 - 5*v + 9. Let l be z(-7). Let a = 7 + l. Suppose -3*p + 75 = a*p. What are the prime factors of p?
3, 5
Let u(j) = -j**2 - 3*j - 3. Let g = -13 - -8. Let w be u(g). Let t = w - -26. What are the prime factors of t?
13
Let d(w) = -25*w + 1. Let s be d(-1). Suppose -34 = -2*x + s. List the prime factors of x.
2, 3, 5
Let t be (24/16)/((-3)/4). Let d be (5 - 5)*t/4. Suppose 4*b + 6*m - 92 = 4*m, d = -4*b - 3*m + 90. List the prime factors of b.
2, 3
Let c(l) = 17*l**3 + l**2 - 7*l - 4. List the prime factors of c(5).
2111
Let n = 20 + -32. Let q be 80/n*27/(-6). Suppose 5*z - 139 = -4*f, -2*f + 46 = -4*z - q. What are the prime factors of f?
2, 3
Let o(y) = y**3 + y**2 - 2. Let m be o(2). Let f = m - 8. Suppose -h - 5*t = -69, -2*t + 95 = f*h - 35. List the prime factors of h.
2
Let d(q) = -90*q - 104. What are the prime factors of d(-9)?
2, 353
Let d = 118 + -115. Suppose -5*a + 1097 = d*k + k, k - 3*a - 287 = 0. List the prime factors of k.
2, 139
Suppose -6*r - 4*x + 10858 = -r, -4*r + 3*x = -8705. List the prime factors of r.
2, 1087
Suppose -6 = -4*w + 3*o, 3*w - 8*w - 5*o - 10 = 0. What are the prime factors of 15 + -2 + w/9?
13
Suppose -o + 146 = o. Suppose 145 = 4*v + v + 5*j, 3*j = 2*v - o. What are the prime factors of v + (-2)/1 + 5?
5, 7
Suppose 20 = 4*a, -q + 3*a = 4*a - 343. Suppose -13*o = -546 - q. What are the prime factors of o?
2, 17
Let s = 645 - -122. List the prime factors of s.
13, 59
Suppose -11*z - 510 = 6*z. What are the prime factors of (-2 - (-18)/12) + z/(-4)?
7
Suppose -770 = -2*r + 2*q, -8*q - 1560 = -4*r - 9*q. What are the prime factors of r?
389
Suppose -5*d + 2 = -4*d. Let i(k) = -4*k**2 - 4*k - k**3 + 2 - 4*k - 6*k**2 + 3*k**d. What are the prime factors of i(-6)?
2, 7
Let m = 11 + 4. Let z(l) = l**3 - 15*l**2 + 7*l - 13. What are the prime factors of z(m)?
2, 23
Let b(o) = -o**2 - 7*o + 4. Let w = 24 - 31. Let r be b(w). Suppose 7*s = r*s + 99. List the prime factors of s.
3, 11
Let x = 0 + 0. Let q(t) = t**3 - 5*t**2 - 50*t + 4. Let o be q(10). Suppose 2*g + 2*g - c - 39 = 0, o*c + 12 = x. What are the prime factors of g?
3
Let u(t) = 7*t + 5. Let m be u(4). Suppose 5*w = -b + 9, -w = -3*b - 0*b - 5. List the prime factors of (-6)/(-15)*(w + m).
2, 7
Let j be (-26)/(5/(10/(-4))). Suppose -2*p + 53 = -j. List the prime factors of p.
3, 11
Let a be 42/4 + 1/(-2). Let u = a + -12. List the prime factors of u*(-2 - (-105)/(-6)).
3, 13
Let k(s) = 3*s**2 + 6*s - 11. Let h = -2 - -6. What are the prime factors of k(h)?
61
Suppose -p + 3*p = -4. List the prime factors of p*1/4*(-379 + -5).
2, 3
Suppose -4*i + 2*u = -2*i - 4, -4*u + 20 = 0. Suppose -i*p = -0*p - 420. List the prime factors of p.
2, 3, 5
Let h = -3 + 5. Suppose -8 = -2*p - 2*d, -h*p + 6*d - 3*d + 13 = 0. Suppose p*y - 65 = -0*y. List the prime factors of y.
13
Suppose 0*f = -4*f + 140. Suppose 286 = 3*c - f. What are the prime factors of c?
107
Suppose 10*s = -50*s + 36960. What are the prime factors of s?
2, 7, 11
Suppose 0 = -3*t + 5*z + 28 - 33, -t = 2*z - 13. What are the prime factors of t?
5
Let t = 289 + 329. What are the prime factors of t?
2, 3, 103
Suppose 0 = -7*z + 3 + 32. Let o(x) = x**3 - 5*x**2 + 7. Let i be o(z). Suppose i*d = 5*d + 128. List the prime factors of d.
2
Let q = -19 + 23. Suppose -12 = -8*n + q*n. Suppose -5*w + 354 = l, w = n*l - 0*l + 58. List the prime factors of w.
2, 5, 7
Let y = 12 - 0. Suppose -3 = -5*u + y. What are the prime factors of 1/u - 35/(-3)?
2, 3
Suppose 163 + 341 = -14*y. Let w(d) = d**3 + 5*d**2 + 4*d. Let s be w(-6). Let i = y - s. List the prime factors of i.
2, 3
What are the prime factors of (695/(-2) - -2)/(2/(-4))?
691
Let d(m) = -4*m + 51. Let x(z) = -13*z + 153. Let u(q) = 7*d(q) - 2*x(q). What are the prime factors of u(0)?
3, 17
Suppose -3*d - 7 = 23. Let i = d - -16. Suppose v + 55 = i*v. What are the prime factors of v?
11
Let f(w) = 4*w**2 + 4*w - 9. Let p be (-15 + 5)*4/8. What are the prime factors of f(p)?
71
Suppose -4*k + 5*k = 5*a + 10, 0 = -5*k - 4*a + 21. Suppose 46 = u - k. What are the prime factors of u?
3, 17
Suppose -5*x + 2*b = -b - 57, -23 = -2*x + b. Let l be (3 - (-10)/(-6))*21. Let u = l + x. List the prime factors of u.
2, 5
List the prime factors of (-2)/(2524/632 - 4).
2, 79
Suppose -4*s + 195 = g, -2*g - 4*s - 26 = -416. Suppose -2*v + g = -109. List the prime factors of (v/16)/(1/2).
19
Suppose -r + 6 = -3*r. Let w(b) = -b**3 - 2*b**2 - 3*b + 4. Let v be w(r). Let a = 49 - v. List the prime factors of a.
3
Let d be (-3)/(1 + -4)*13. List the prime factors of (3/(-4))/(d/(-728)).
2, 3, 7
Let s(g) = 54*g - 274. What are the prime factors of s(39)?
2, 229
Let g = -429 - -1105. List the prime factors of g.
2, 13
Suppose 0 = 3*l - 8*l + 45. Let s be 4/(-6)*l/(-2). Suppose 5*c - 176 = u, 3*c + s*u = -2*c + 172. What are the prime factors of c?
5, 7
Let m(n) = -26*n**3 - 4*n**2 - 3*n + 3. What are the prime factors of m(-2)?
3, 67
List the prime factors of (4/3)/(14/5397).
2, 257
Suppose -17*n + 3764 + 4039 = 0. What are the prime factors of n?
3, 17
Suppose -4*f - 26 = -3*s, -5*s = 3*f - 3 + 8. List the prime factors of (35 - s/(-2))*(-12)/(-6).
2, 3
What are the prime factors of (33/22)/3*1356?
2, 3, 113
Let o = 47 - 47. Suppose v + 0*b - 38 = 4*b, o = 5*b + 5. What are the prime factors of v?
2, 17
Suppose 2*z + 7 = -3. List the prime factors of 16/z*(-150)/15.
2
Let b(i) be the second derivative of i**4/12 + 7*i**3/6 - i**2/2 + 7*i. Let q(c) be the first derivative of b(c). List the prime factors of q(14).
5, 7
Suppose 4*p - 4716 = l + 1825, 4920 = 3*p + 4*l. What are the prime factors of p?
2, 409
Let d(o) = 64*o - 37. List the prime factors of d(7).
3, 137
Suppose 0 = -4*d + 8 - 4. Let p be (-22)/(2/(-1)) - 0. List the prime factors of d/3*(p - 2).
3
Suppose 2 = x - 0*x. Suppose d + 1 = c + 17, x*d - 4 = -5*c. Suppose 4 = j - d. List the prime factors of j.
2
Let x be (3/(-9))/((-1)/(-9)). Let z = x - 18. Let a = z - -35. What are the prime factors of a?
2, 7
Let y(g) = g**2 + 11*g - 20. Let x be y(-13). Suppose -x*r + 7*r = 120. What are the prime factors of r?
2, 3, 5
Let r be 5/35*2 - 730/7. List the prime factors of 2 + -4 - (r/2)/4.
11
Suppose 0 = -a + 5*p + 539, 0*a + 2*a - 1060 = p. List the prime factors of a.
23
Let m(y) be the first derivative of 11*y**2/2 + 16*y + 6. Let o be m(-5). List the prime factors of 4/((-12)/o) + -4.
3
Suppose -55 - 260 = -7*s. What are the prime factors of s?
3, 5
Let c(y) = -y**3 - 3*y**2 + 4*y + 3. Let u be c(-4). Suppose f = -5*x + 12, 3*f - u = -5*x + 13. Suppose 0 = -f*v + 43 + 13. What are the prime factors of v?
2, 7
Let t(q) = 4*q - 68 - q + q - 6*q. Let h be t(0). List the prime factors of (h/3)/((-14)/21).
2, 17
Suppose 5*b = -j - 0*j + 64, -2*b - 3*j = -23. Suppose -i +